r when 376639 is divided by 75323?
24
Calculate the remainder when 41030 is divided by 47.
46
Calculate the remainder when 6363 is divided by 584.
523
What is the remainder when 24915 is divided by 921?
48
Calculate the remainder when 190431 is divided by 22.
21
Calculate the remainder when 148375 is divided by 761.
741
Calculate the remainder when 10927059 is divided by 162.
159
What is the remainder when 284383 is divided by 94786?
25
What is the remainder when 35757 is divided by 35728?
29
Calculate the remainder when 48249 is divided by 416.
409
Calculate the remainder when 8132 is divided by 94.
48
What is the remainder when 1844 is divided by 264?
260
Calculate the remainder when 12163 is divided by 56.
11
What is the remainder when 1015922 is divided by 4?
2
What is the remainder when 6431 is divided by 6325?
106
Calculate the remainder when 3129 is divided by 57.
51
Calculate the remainder when 3294 is divided by 169.
83
What is the remainder when 1011 is divided by 711?
300
Calculate the remainder when 195478 is divided by 80.
38
What is the remainder when 724 is divided by 178?
12
What is the remainder when 1400 is divided by 66?
14
Calculate the remainder when 115336 is divided by 60.
16
What is the remainder when 11231 is divided by 421?
285
What is the remainder when 24645 is divided by 548?
533
What is the remainder when 23720 is divided by 42?
32
Calculate the remainder when 1369 is divided by 14.
11
Calculate the remainder when 93952 is divided by 343.
313
What is the remainder when 285490 is divided by 444?
442
Calculate the remainder when 61913 is divided by 130.
33
Calculate the remainder when 245878 is divided by 71.
5
What is the remainder when 5357434 is divided by 354?
352
Calculate the remainder when 13328 is divided by 11.
7
Calculate the remainder when 16640 is divided by 76.
72
What is the remainder when 784 is divided by 361?
62
What is the remainder when 40176 is divided by 900?
576
Calculate the remainder when 12164 is divided by 60.
44
Calculate the remainder when 177100 is divided by 88549.
2
What is the remainder when 11213 is divided by 2772?
125
Calculate the remainder when 3540 is divided by 60.
0
What is the remainder when 103452 is divided by 488?
484
Calculate the remainder when 33110 is divided by 1740.
50
Calculate the remainder when 146879 is divided by 1813.
26
What is the remainder when 80757 is divided by 508?
493
Calculate the remainder when 265573 is divided by 89.
86
Calculate the remainder when 22945 is divided by 459.
454
Calculate the remainder when 12352 is divided by 62.
14
Calculate the remainder when 10736 is divided by 1338.
32
Calculate the remainder when 6681 is divided by 558.
543
What is the remainder when 112748 is divided by 137?
134
What is the remainder when 2574 is divided by 7?
5
Calculate the remainder when 1038161 is divided by 304.
1
Calculate the remainder when 79256 is divided by 48.
8
What is the remainder when 1297288 is divided by 74?
68
Calculate the remainder when 6643 is divided by 91.
0
What is the remainder when 9933 is divided by 1727?
1298
Calculate the remainder when 58204 is divided by 1121.
1033
Calculate the remainder when 356483 is divided by 35647.
13
What is the remainder when 565617 is divided by 25?
17
Calculate the remainder when 83984 is divided by 240.
224
Calculate the remainder when 4186 is divided by 29.
10
Calculate the remainder when 3724 is divided by 531.
7
What is the remainder when 55885 is divided by 173?
6
What is the remainder when 38513 is divided by 49?
48
What is the remainder when 7368 is divided by 367?
28
What is the remainder when 3148 is divided by 115?
43
What is the remainder when 75702 is divided by 87?
12
Calculate the remainder when 203144 is divided by 171.
167
Calculate the remainder when 15393 is divided by 20.
13
What is the remainder when 6950 is divided by 496?
6
Calculate the remainder when 21121 is divided by 515.
6
Calculate the remainder when 2260 is divided by 180.
100
What is the remainder when 7650 is divided by 1274?
6
Calculate the remainder when 964 is divided by 359.
246
What is the remainder when 21126 is divided by 358?
4
Calculate the remainder when 104565 is divided by 104.
45
Calculate the remainder when 78949 is divided by 52.
13
Calculate the remainder when 90893 is divided by 52.
49
Calculate the remainder when 1852 is divided by 35.
32
Calculate the remainder when 94082 is divided by 94073.
9
What is the remainder when 18386 is divided by 332?
126
What is the remainder when 10084 is divided by 29?
21
Calculate the remainder when 4484 is divided by 2196.
92
Calculate the remainder when 11617648 is divided by 18.
16
What is the remainder when 1365753 is divided by 142?
139
What is the remainder when 550778 is divided by 4?
2
What is the remainder when 6614 is divided by 1402?
1006
Calculate the remainder when 1034 is divided by 122.
58
Calculate the remainder when 1356 is divided by 126.
96
What is the remainder when 142434 is divided by 467?
466
What is the remainder when 2840 is divided by 98?
96
What is the remainder when 43657 is divided by 28?
5
Calculate the remainder when 216324 is divided by 2377.
17
What is the remainder when 3111 is divided by 3059?
52
Calculate the remainder when 183571 is divided by 2063.
2027
What is the remainder when 58734 is divided by 32?
14
What is the remainder when 33550 is divided by 24?
22
What is the remainder when 61271 is divided by 25?
21
Calculate the remainder when 118911 is divided by 36.
3
Calculate the remainder when 6116 is divided by 108.
68
Calculate the remainder when 164353 is divided by 414.
409
What is the remainder when 25486 is divided by 149?
7
Calculate the remainder when 2758 is divided by 776.
430
What is the remainder when 5531 is divided by 1101?
26
Calculate the remainder when 3316558 is divided by 12.
10
Calculate the remainder when 11375 is divided by 36.
35
Calculate the remainder when 10625 is divided by 271.
56
What is the remainder when 576 is divided by 4?
0
Calculate the remainder when 66262 is divided by 392.
14
What is the remainder when 2179 is divided by 606?
361
What is the remainder when 10026 is divided by 88?
82
Calculate the remainder when 449 is divided by 14.
1
Calculate the remainder when 2111 is divided by 2105.
6
What is the remainder when 652 is divided by 352?
300
What is the remainder when 6380 is divided by 1050?
80
Calculate the remainder when 26509 is divided by 444.
313
What is the remainder when 435780 is divided by 180?
0
Calculate the remainder when 1112575 is divided by 14.
9
What is the remainder when 195580 is divided by 128?
124
Calculate the remainder when 118069 is divided by 505.
404
Calculate the remainder when 18649 is divided by 18609.
40
Calculate the remainder when 31965 is divided by 8.
5
What is the remainder when 54582 is divided by 54562?
20
What is the remainder when 241 is divided by 143?
98
Calculate the remainder when 466310 is divided by 513.
506
Calculate the remainder when 2583 is divided by 773.
264
What is the remainder when 11571 is divided by 47?
9
Calculate the remainder when 3733 is divided by 163.
147
Calculate the remainder when 9545 is divided by 1187.
49
Calculate the remainder when 1169978 is divided by 427.
425
What is the remainder when 282765 is divided by 81?
75
Calculate the remainder when 113642 is divided by 157.
131
What is the remainder when 65974 is divided by 53?
42
Calculate the remainder when 14047 is divided by 1410.
1357
Calculate the remainder when 2677 is divided by 869.
70
Calculate the remainder when 20327 is divided by 221.
216
What is the remainder when 7787 is divided by 391?
358
Calculate the remainder when 13529 is divided by 41.
40
What is the remainder when 30048 is divided by 89?
55
Calculate the remainder when 10761 is divided by 1526.
79
Calculate the remainder when 1260695 is divided by 69.
65
Calculate the remainder when 38269 is divided by 1007.
3
Calculate the remainder when 47164 is divided by 773.
11
Calculate the remainder when 25886 is divided by 16.
14
What is the remainder when 37880 is divided by 52?
24
Calculate the remainder when 139411 is divided by 52.
51
What is the remainder when 7725 is divided by 3835?
55
What is the remaind